inder when 19 is divided by 17.
2
What is the remainder when 21 is divided by 20?
1
What is the remainder when 163 is divided by 74?
15
What is the remainder when 6100 is divided by 11?
6
What is the remainder when 2032 is divided by 9?
7
What is the remainder when 611 is divided by 157?
140
Calculate the remainder when 1708 is divided by 172.
160
What is the remainder when 154 is divided by 37?
6
What is the remainder when 16386 is divided by 68?
66
Calculate the remainder when 170 is divided by 87.
83
What is the remainder when 389 is divided by 207?
182
Calculate the remainder when 767 is divided by 96.
95
What is the remainder when 53 is divided by 40?
13
Calculate the remainder when 30 is divided by 27.
3
What is the remainder when 1962 is divided by 21?
9
What is the remainder when 488 is divided by 10?
8
Calculate the remainder when 3569 is divided by 324.
5
What is the remainder when 269 is divided by 138?
131
Calculate the remainder when 25 is divided by 2.
1
Calculate the remainder when 4396 is divided by 260.
236
Calculate the remainder when 799 is divided by 113.
8
What is the remainder when 113 is divided by 41?
31
Calculate the remainder when 449 is divided by 4.
1
What is the remainder when 560 is divided by 38?
28
Calculate the remainder when 162 is divided by 62.
38
What is the remainder when 54 is divided by 38?
16
What is the remainder when 76 is divided by 13?
11
Calculate the remainder when 94 is divided by 16.
14
Calculate the remainder when 24641 is divided by 74.
73
What is the remainder when 481 is divided by 22?
19
Calculate the remainder when 124 is divided by 44.
36
Calculate the remainder when 6107 is divided by 12.
11
Calculate the remainder when 3022 is divided by 63.
61
What is the remainder when 304 is divided by 78?
70
What is the remainder when 2582 is divided by 24?
14
Calculate the remainder when 166 is divided by 59.
48
What is the remainder when 1908 is divided by 942?
24
Calculate the remainder when 190 is divided by 39.
34
Calculate the remainder when 423 is divided by 61.
57
Calculate the remainder when 15597 is divided by 39.
36
What is the remainder when 3392 is divided by 200?
192
Calculate the remainder when 4115 is divided by 7.
6
What is the remainder when 119 is divided by 14?
7
What is the remainder when 3943 is divided by 116?
115
Calculate the remainder when 252 is divided by 51.
48
Calculate the remainder when 105 is divided by 16.
9
Calculate the remainder when 131 is divided by 73.
58
Calculate the remainder when 242 is divided by 116.
10
What is the remainder when 1112 is divided by 61?
14
Calculate the remainder when 136 is divided by 75.
61
Calculate the remainder when 141 is divided by 36.
33
Calculate the remainder when 4710 is divided by 80.
70
Calculate the remainder when 1187 is divided by 22.
21
Calculate the remainder when 10506 is divided by 133.
132
What is the remainder when 752 is divided by 73?
22
Calculate the remainder when 649 is divided by 321.
7
Calculate the remainder when 328 is divided by 22.
20
What is the remainder when 85 is divided by 39?
7
Calculate the remainder when 574 is divided by 8.
6
Calculate the remainder when 2897 is divided by 116.
113
Calculate the remainder when 318 is divided by 78.
6
Calculate the remainder when 721 is divided by 36.
1
Calculate the remainder when 1029 is divided by 514.
1
Calculate the remainder when 874 is divided by 252.
118
What is the remainder when 673 is divided by 54?
25
Calculate the remainder when 877 is divided by 20.
17
What is the remainder when 75165 is divided by 49?
48
What is the remainder when 104 is divided by 10?
4
Calculate the remainder when 141 is divided by 45.
6
What is the remainder when 3243 is divided by 171?
165
Calculate the remainder when 1076 is divided by 11.
9
What is the remainder when 4756 is divided by 1187?
8
Calculate the remainder when 7598 is divided by 20.
18
What is the remainder when 250 is divided by 58?
18
Calculate the remainder when 91 is divided by 52.
39
Calculate the remainder when 355 is divided by 85.
15
What is the remainder when 111 is divided by 38?
35
Calculate the remainder when 3328 is divided by 10.
8
What is the remainder when 659 is divided by 50?
9
What is the remainder when 258 is divided by 38?
30
Calculate the remainder when 142 is divided by 52.
38
What is the remainder when 2407 is divided by 73?
71
What is the remainder when 98 is divided by 30?
8
What is the remainder when 557 is divided by 6?
5
Calculate the remainder when 610 is divided by 28.
22
Calculate the remainder when 308 is divided by 24.
20
Calculate the remainder when 135 is divided by 31.
11
Calculate the remainder when 834 is divided by 31.
28
Calculate the remainder when 3940 is divided by 116.
112
What is the remainder when 373 is divided by 119?
16
Calculate the remainder when 16585 is divided by 9.
7
What is the remainder when 652 is divided by 135?
112
What is the remainder when 1394 is divided by 70?
64
Calculate the remainder when 312 is divided by 138.
36
Calculate the remainder when 559 is divided by 140.
139
What is the remainder when 899 is divided by 50?
49
What is the remainder when 1328 is divided by 328?
16
What is the remainder when 3700 is divided by 1224?
28
What is the remainder when 751 is divided by 8?
7
Calculate the remainder when 243 is divided by 126.
117
Calculate the remainder when 42 is divided by 13.
3
What is the remainder when 744 is divided by 95?
79
Calculate the remainder when 46 is divided by 12.
10
Calculate the remainder when 4691 is divided by 139.
104
Calculate the remainder when 1154 is divided by 21.
20
Calculate the remainder when 371 is divided by 220.
151
What is the remainder when 3008 is divided by 36?
20
Calculate the remainder when 300 is divided by 110.
80
What is the remainder when 152 is divided by 27?
17
Calculate the remainder when 255 is divided by 125.
5
Calculate the remainder when 777 is divided by 34.
29
What is the remainder when 207 is divided by 13?
12
Calculate the remainder when 24188 is divided by 8.
4
What is the remainder when 19 is divided by 6?
1
Calculate the remainder when 189 is divided by 23.
5
Calculate the remainder when 706 is divided by 35.
6
What is the remainder when 78 is divided by 45?
33
Calculate the remainder when 12907 is divided by 14.
13
Calculate the remainder when 2009 is divided by 37.
11
Calculate the remainder when 739 is divided by 234.
37
What is the remainder when 39 is divided by 28?
11
What is the remainder when 971 is divided by 327?
317
Calculate the remainder when 4510 is divided by 61.
57
What is the remainder when 1747 is divided by 582?
1
Calculate the remainder when 6 is divided by 1.
0
What is the remainder when 2241 is divided by 446?
11
What is the remainder when 1039 is divided by 64?
15
What is the remainder when 1836 is divided by 23?
19
What is the remainder when 144 is divided by 37?
33
Calculate the remainder when 140 is divided by 12.
8
What is the remainder when 144 is divided by 61?
22
Calculate the remainder when 1185 is divided by 34.
29
Calculate the remainder when 9853 is divided by 20.
13
What is the remainder when 286 is divided by 12?
10
What is the remainder when 389 is divided by 202?
187
What is the remainder when 337 is divided by 113?
111
Calculate the remainder when 1399 is divided by 462.
13
What is the remainder when 323 is divided by 44?
15
What is the remainder when 1111 is divided by 39?
19
Calculate the remainder when 2819 is divided by 188.
187
What is the remainder when 1614 is divided by 22?
8
Calculate the remainder when 253 is divided by 15.
13
Calculate the remainder when 116 is divided by 102.
14
Calculate the remainder when 189 is divided by 55.
24
What is the remainder when 33 is divided by 4?
1
Calculate the remainder when 1391 is divided by 8.
7
What is the remainder when 1745 is divided by 289?
11
What is the remainder when 319 is divided by 41?
32
Calculate the remainder when 86 is divided by 1.
0
Calculate the remainder when 452 is divided by 114.
110
Calculate the remainder when 25 is divided by 8.
1
Calculate the remainder when 1147 is divided by 513.
121
What is the remainder when 182 is divided by 17?
12
What is the remainder when 11151 is divi